{"id":1102,"date":"2026-04-02T10:38:34","date_gmt":"2026-04-02T08:38:34","guid":{"rendered":"https:\/\/goslupski.pl\/kalendarz\/?post_type=ajde_events&#038;p=1102"},"modified":"2026-04-02T10:38:34","modified_gmt":"2026-04-02T08:38:34","slug":"miedzypokoleniowe-spotkanie-krawieckie","status":"publish","type":"ajde_events","link":"https:\/\/goslupski.pl\/kalendarz\/events\/miedzypokoleniowe-spotkanie-krawieckie\/","title":{"rendered":"Mi\u0119dzypokoleniowe spotkanie krawieckie"},"content":{"rendered":"<div class=\"xdj266r x14z9mp xat24cr x1lziwak x1vvkbs\">Wsp\u00f3lne szycie, kt\u00f3re \u0142\u0105czy pokolenia<\/div>\n<div class=\"x14z9mp xat24cr x1lziwak x1vvkbs xtlvy1s\">Centrum Kultury i Promocji w Kobylnicy zaprasza na kwietniowe Mi\u0119dzypokoleniowe spotkanie krawieckie, kt\u00f3re tradycyjnie odb\u0119dzie si\u0119 w dawnej siedzibie GOK przy ul. G\u0142\u00f3wnej 1c w Kobylnicy.<\/div>\n<div class=\"x14z9mp xat24cr x1lziwak x1vvkbs xtlvy1s\">Ka\u017cde spotkanie to wyj\u0105tkowy czas, w kt\u00f3rym ig\u0142a i nitka staj\u0105 si\u0119 pretekstem do budowania most\u00f3w mi\u0119dzy m\u0142odszymi a starszymi mieszka\u0144cami. Pod okiem do\u015bwiadczonych instruktorek ze Stowarzyszenia Zesp\u00f3\u0142 Aktywnych Senior\u00f3w, uczestnicy b\u0119d\u0105 mogli zg\u0142\u0119bi\u0107 tajniki krawiectwa w atmosferze \u017cyczliwo\u015bci i wzajemnego wsparcia. Misj\u0105 wydarzenia jest \u201ezszywanie pokole\u0144\u201d \u2013 tworzenie trwa\u0142ych wi\u0119zi s\u0105siedzkich przy wsp\u00f3lnej pracy.<\/div>\n<div class=\"x14z9mp xat24cr x1lziwak x1vvkbs xtlvy1s\">Wst\u0119p wolny, wystarczy ch\u0119\u0107 do wsp\u00f3lnego tworzenia \u2013 zapraszamy nawet osoby, kt\u00f3re nigdy nie trzyma\u0142y ig\u0142y w r\u0119ku!<\/div>\n<div><\/div>\n<div><img decoding=\"async\" class=\"aligncenter size-medium wp-image-1103\" src=\"https:\/\/goslupski.pl\/kalendarz\/wp-content\/uploads\/2026\/04\/659784197_1578612633775124_7165520247782743921_n-300x157.jpg\" alt=\"\" width=\"300\" height=\"157\" srcset=\"https:\/\/goslupski.pl\/kalendarz\/wp-content\/uploads\/2026\/04\/659784197_1578612633775124_7165520247782743921_n-200x105.jpg 200w, https:\/\/goslupski.pl\/kalendarz\/wp-content\/uploads\/2026\/04\/659784197_1578612633775124_7165520247782743921_n-300x157.jpg 300w, https:\/\/goslupski.pl\/kalendarz\/wp-content\/uploads\/2026\/04\/659784197_1578612633775124_7165520247782743921_n-400x209.jpg 400w, https:\/\/goslupski.pl\/kalendarz\/wp-content\/uploads\/2026\/04\/659784197_1578612633775124_7165520247782743921_n-600x314.jpg 600w, https:\/\/goslupski.pl\/kalendarz\/wp-content\/uploads\/2026\/04\/659784197_1578612633775124_7165520247782743921_n-768x402.jpg 768w, https:\/\/goslupski.pl\/kalendarz\/wp-content\/uploads\/2026\/04\/659784197_1578612633775124_7165520247782743921_n-800x419.jpg 800w, https:\/\/goslupski.pl\/kalendarz\/wp-content\/uploads\/2026\/04\/659784197_1578612633775124_7165520247782743921_n-1024x536.jpg 1024w, https:\/\/goslupski.pl\/kalendarz\/wp-content\/uploads\/2026\/04\/659784197_1578612633775124_7165520247782743921_n.jpg 1200w\" sizes=\"(max-width: 300px) 100vw, 300px\" \/><\/div>\n","protected":false},"author":10,"featured_media":1103,"menu_order":0,"comment_status":"open","ping_status":"closed","template":"","meta":[],"tags":[],"event_type":[7],"event_type_2":[],"class_list":["post-1102","ajde_events","type-ajde_events","status-publish","has-post-thumbnail","hentry","event_location-centrum-kultury-i-promocji-w-kobylnicy","event_organizer-centrum-kultury-i-promocji-w-kobylnicy","event_type-kulturalne"],"_links":{"self":[{"href":"https:\/\/goslupski.pl\/kalendarz\/wp-json\/wp\/v2\/ajde_events\/1102","targetHints":{"allow":["GET"]}}],"collection":[{"href":"https:\/\/goslupski.pl\/kalendarz\/wp-json\/wp\/v2\/ajde_events"}],"about":[{"href":"https:\/\/goslupski.pl\/kalendarz\/wp-json\/wp\/v2\/types\/ajde_events"}],"author":[{"embeddable":true,"href":"https:\/\/goslupski.pl\/kalendarz\/wp-json\/wp\/v2\/users\/10"}],"replies":[{"embeddable":true,"href":"https:\/\/goslupski.pl\/kalendarz\/wp-json\/wp\/v2\/comments?post=1102"}],"wp:featuredmedia":[{"embeddable":true,"href":"https:\/\/goslupski.pl\/kalendarz\/wp-json\/wp\/v2\/media\/1103"}],"wp:attachment":[{"href":"https:\/\/goslupski.pl\/kalendarz\/wp-json\/wp\/v2\/media?parent=1102"}],"wp:term":[{"taxonomy":"post_tag","embeddable":true,"href":"https:\/\/goslupski.pl\/kalendarz\/wp-json\/wp\/v2\/tags?post=1102"},{"taxonomy":"event_type","embeddable":true,"href":"https:\/\/goslupski.pl\/kalendarz\/wp-json\/wp\/v2\/event_type?post=1102"},{"taxonomy":"event_type_2","embeddable":true,"href":"https:\/\/goslupski.pl\/kalendarz\/wp-json\/wp\/v2\/event_type_2?post=1102"}],"curies":[{"name":"wp","href":"https:\/\/api.w.org\/{rel}","templated":true}]}}

Międzypokoleniowe spotkanie krawieckie

<div class="xdj266r x14z9mp xat24cr x1lziwak x1vvkbs">Wspólne szycie, które łączy pokolenia</div>
<div class="x14z9mp xat24cr x1lziwak x1vvkbs xtlvy1s">Centrum Kultury i Promocji w Kobylnicy zaprasza na kwietniowe Międzypokoleniowe spotkanie krawieckie, które tradycyjnie odbędzie się w dawnej siedzibie GOK przy ul. Głównej 1c w Kobylnicy.</div>
<div class="x14z9mp xat24cr x1lziwak x1vvkbs xtlvy1s">Każde spotkanie to wyjątkowy czas, w którym igła i nitka stają się pretekstem do budowania mostów między młodszymi a starszymi mieszkańcami. Pod okiem doświadczonych instruktorek ze Stowarzyszenia Zespół Aktywnych Seniorów, uczestnicy będą mogli zgłębić tajniki krawiectwa w atmosferze życzliwości i wzajemnego wsparcia. Misją wydarzenia jest „zszywanie pokoleń” – tworzenie trwałych więzi sąsiedzkich przy wspólnej pracy.</div>
<div class="x14z9mp xat24cr x1lziwak x1vvkbs xtlvy1s">Wstęp wolny, wystarczy chęć do wspólnego tworzenia – zapraszamy nawet osoby, które nigdy nie trzymały igły w ręku!</div>
<div></div>
<div><img decoding="async" class="aligncenter size-medium wp-image-1103" src="https://goslupski.pl/kalendarz/wp-content/uploads/2026/04/659784197_1578612633775124_7165520247782743921_n-300x157.jpg" alt="" width="300" height="157" srcset="https://goslupski.pl/kalendarz/wp-content/uploads/2026/04/659784197_1578612633775124_7165520247782743921_n-200x105.jpg 200w, https://goslupski.pl/kalendarz/wp-content/uploads/2026/04/659784197_1578612633775124_7165520247782743921_n-300x157.jpg 300w, https://goslupski.pl/kalendarz/wp-content/uploads/2026/04/659784197_1578612633775124_7165520247782743921_n-400x209.jpg 400w, https://goslupski.pl/kalendarz/wp-content/uploads/2026/04/659784197_1578612633775124_7165520247782743921_n-600x314.jpg 600w, https://goslupski.pl/kalendarz/wp-content/uploads/2026/04/659784197_1578612633775124_7165520247782743921_n-768x402.jpg 768w, https://goslupski.pl/kalendarz/wp-content/uploads/2026/04/659784197_1578612633775124_7165520247782743921_n-800x419.jpg 800w, https://goslupski.pl/kalendarz/wp-content/uploads/2026/04/659784197_1578612633775124_7165520247782743921_n-1024x536.jpg 1024w, https://goslupski.pl/kalendarz/wp-content/uploads/2026/04/659784197_1578612633775124_7165520247782743921_n.jpg 1200w" sizes="(max-width: 300px) 100vw, 300px" /></div>
