{"id":1108,"date":"2026-04-02T11:24:19","date_gmt":"2026-04-02T09:24:19","guid":{"rendered":"https:\/\/goslupski.pl\/kalendarz\/?post_type=ajde_events&#038;p=1108"},"modified":"2026-04-21T09:10:33","modified_gmt":"2026-04-21T07:10:33","slug":"koncert-c-k-norwid-natalia-sikora","status":"publish","type":"ajde_events","link":"https:\/\/goslupski.pl\/kalendarz\/events\/koncert-c-k-norwid-natalia-sikora\/","title":{"rendered":"Koncert \u201eC.K. NORWID\u201d- Natalia Sikora"},"content":{"rendered":"<div class=\"xdj266r x14z9mp xat24cr x1lziwak x1vvkbs x126k92a\">\n<div dir=\"auto\">Poezja, kt\u00f3ra porusza. G\u0142os, kt\u00f3rego nie da si\u0119 zapomnie\u0107.<\/div>\n<div dir=\"auto\">Przed nami wielkie muzyczne wydarzenie.<\/div>\n<\/div>\n<div class=\"x14z9mp xat24cr x1lziwak x1vvkbs xtlvy1s x126k92a\">\n<div dir=\"auto\">Podczas gali <span class=\"html-span xdj266r x14z9mp xat24cr x1lziwak xexx8yu xyri2b x18d9i69 x1c1uobl x1hl2dhg x16tdsg8 x1vvkbs\"><a class=\"x1i10hfl xjbqb8w x1ejq31n x18oe1m7 x1sy0etr xstzfhl x972fbf x10w94by x1qhh985 x14e42zd x9f619 x1ypdohk xt0psk2 x3ct3a4 xdj266r x14z9mp xat24cr x1lziwak xexx8yu xyri2b x18d9i69 x1c1uobl x16tdsg8 x1hl2dhg xggy1nq x1a2a7pz xkrqix3 x1sur9pj x1fey0fg x1s688f\" tabindex=\"0\" role=\"link\" href=\"https:\/\/www.facebook.com\/events\/1863632054293413\/?__cft__[0]=AZZr9AGPkRphbxBau2SLAbPlfjp6SSxPtVSaQz616xt9mHmhYQh1pWf-7KlGwR78CnS68OaIs-eFC2osQEKN0OOSvVVluF99RD1AV7qksqt9P4D4hINvhGADlpkR_1Cppf_MRlT4C77Y7yq98iIp3yJAzgZFSdSGwT1hlVk_Ll0K5e9imCDyvz2I_faTO_QtPuY&amp;__tn__=-UK-R\"><span class=\"xt0psk2\"><span class=\"xjp7ctv\">15. FESTIWAL POEZJI \u015aPIEWANEJ<\/span><\/span><\/a><\/span> na naszej scenie <strong>w Sali Lustrzanej Pa\u0142acu w Damnicy<\/strong> wyst\u0105pi niezwyk\u0142a \ud835\udde1\ud835\uddd4\ud835\udde7\ud835\uddd4\ud835\udddf\ud835\udddc\ud835\uddd4 \ud835\udde6\ud835\udddc\ud835\uddde\ud835\udde2\ud835\udde5\ud835\uddd4.<\/div>\n<\/div>\n<div class=\"x14z9mp xat24cr x1lziwak x1vvkbs xtlvy1s x126k92a\">\n<div dir=\"auto\">Zapraszamy na wyj\u0105tkowy koncert \u201eC.K. NORWID\u201d, w kt\u00f3rym us\u0142yszymy poruszaj\u0105ce interpretacje poezji Cypriana Kamila Norwida w unikalnym, pe\u0142nym emocji stylu \u0142\u0105cz\u0105cym blues, rock i poezj\u0119 \u015bpiewan\u0105.<\/div>\n<\/div>\n<div class=\"x14z9mp xat24cr x1lziwak x1vvkbs xtlvy1s x126k92a\">\n<div dir=\"auto\"><span class=\"html-span xdj266r x14z9mp xat24cr x1lziwak xexx8yu xyri2b x18d9i69 x1c1uobl x1hl2dhg x16tdsg8 x1vvkbs\"><a class=\"x1i10hfl xjbqb8w x1ejq31n x18oe1m7 x1sy0etr xstzfhl x972fbf x10w94by x1qhh985 x14e42zd x9f619 x1ypdohk xt0psk2 x3ct3a4 xdj266r x14z9mp xat24cr x1lziwak xexx8yu xyri2b x18d9i69 x1c1uobl x16tdsg8 x1hl2dhg xggy1nq x1a2a7pz xkrqix3 x1sur9pj x1fey0fg x1s688f\" tabindex=\"0\" role=\"link\" href=\"https:\/\/www.facebook.com\/NataliaSikoraArtist?__cft__[0]=AZZr9AGPkRphbxBau2SLAbPlfjp6SSxPtVSaQz616xt9mHmhYQh1pWf-7KlGwR78CnS68OaIs-eFC2osQEKN0OOSvVVluF99RD1AV7qksqt9P4D4hINvhGADlpkR_1Cppf_MRlT4C77Y7yq98iIp3yJAzgZFSdSGwT1hlVk_Ll0K5e9imCDyvz2I_faTO_QtPuY&amp;__tn__=-]K-R\"><span class=\"xt0psk2\"><span class=\"xjp7ctv\">Natalia Sikora Artist<\/span><\/span><\/a><\/span> to artystka totalna &#8211; laureatka wielu presti\u017cowych festiwali, zwyci\u0119\u017cczyni <span class=\"html-span xdj266r x14z9mp xat24cr x1lziwak xexx8yu xyri2b x18d9i69 x1c1uobl x1hl2dhg x16tdsg8 x1vvkbs\"><a class=\"x1i10hfl xjbqb8w x1ejq31n x18oe1m7 x1sy0etr xstzfhl x972fbf x10w94by x1qhh985 x14e42zd x9f619 x1ypdohk xt0psk2 x3ct3a4 xdj266r x14z9mp xat24cr x1lziwak xexx8yu xyri2b x18d9i69 x1c1uobl x16tdsg8 x1hl2dhg xggy1nq x1a2a7pz xkrqix3 x1sur9pj x1fey0fg x1s688f\" tabindex=\"0\" role=\"link\" href=\"https:\/\/www.facebook.com\/voiceofpoland?__cft__[0]=AZZr9AGPkRphbxBau2SLAbPlfjp6SSxPtVSaQz616xt9mHmhYQh1pWf-7KlGwR78CnS68OaIs-eFC2osQEKN0OOSvVVluF99RD1AV7qksqt9P4D4hINvhGADlpkR_1Cppf_MRlT4C77Y7yq98iIp3yJAzgZFSdSGwT1hlVk_Ll0K5e9imCDyvz2I_faTO_QtPuY&amp;__tn__=-]K-R\"><span class=\"xt0psk2\"><span class=\"xjp7ctv\">The Voice of Poland TVP<\/span><\/span><\/a><\/span>, uwielbiana za autentyczno\u015b\u0107, pasj\u0119 i niezwyk\u0142\u0105 charyzm\u0119 sceniczn\u0105. Jej koncerty to prawdziwe muzyczne prze\u017cycie, kt\u00f3re na d\u0142ugo zostaje w pami\u0119ci.<\/div>\n<\/div>\n<div class=\"x14z9mp xat24cr x1lziwak x1vvkbs xtlvy1s x126k92a\">\n<div dir=\"auto\">\u00a0Wst\u0119p wolny! Wej\u015bci\u00f3wki dost\u0119pne w siedzibie naszego Centrum Kultury (po wcze\u015bniejszej rezerwacji telefonicznej<span class=\"html-span xexx8yu xyri2b x18d9i69 x1c1uobl x1hl2dhg x16tdsg8 x1vvkbs x3nfvp2 x1j61x8r x1fcty0u xdj266r xat24cr xm2jcoa x1mpyi22 xxymvpz xlup9mm x1kky2od\"><img decoding=\"async\" class=\"xz74otr x15mokao x1ga7v0g x16uus16 xbiv7yw\" src=\"https:\/\/static.xx.fbcdn.net\/images\/emoji.php\/v9\/t4d\/1\/16\/1f4de.png\" alt=\"\ud83d\udcde\" width=\"16\" height=\"16\" \/><\/span>59 844 57 58)<\/div>\n<\/div>\n<div class=\"x14z9mp xat24cr x1lziwak x1vvkbs xtlvy1s x126k92a\">\n<div dir=\"auto\">Liczba miejsc ograniczona!<\/div>\n<div dir=\"auto\">\n<div dir=\"auto\">Harmonogram wydarzenia 25.04.2026<\/div>\n<div dir=\"auto\">17:00-18:00 wyst\u0119py laureat\u00f3w <a class=\"x1i10hfl xjbqb8w x1ejq31n x18oe1m7 x1sy0etr xstzfhl x972fbf x10w94by x1qhh985 x14e42zd x9f619 x1ypdohk xt0psk2 x3ct3a4 xdj266r x14z9mp xat24cr x1lziwak xexx8yu xyri2b x18d9i69 x1c1uobl x16tdsg8 x1hl2dhg xggy1nq x1a2a7pz xkrqix3 x1sur9pj xzsf02u x1s688f\" tabindex=\"0\" role=\"link\" href=\"https:\/\/www.facebook.com\/events\/1863632054293413\/?__cft__[0]=AZapN_x9_yNm5AEJ-zWel0OHGlwLM2iBSY7ja2uOEigy1RdH9f1JuNfc6jSkDRX_BcRVh3Z1twmSKLyWjsN6zAmBRTnFowL-6oEXCB2NVR_oubbJWBUBgvJYxTwqHfY3wcAja2T3kVkYu9IRI6DJMYSd&amp;__tn__=R-R\"><span class=\"xt0psk2\"><span class=\"xjp7ctv\">15. FESTIWAL POEZJI \u015aPIEWANEJ<\/span><\/span><\/a><\/div>\n<div dir=\"auto\">18:00-19:00 Koncert Natalii Sikory<\/div>\n<\/div>\n<\/div>\n<div dir=\"auto\"><\/div>\n<div dir=\"auto\"><img decoding=\"async\" class=\"aligncenter size-medium wp-image-1110\" src=\"https:\/\/goslupski.pl\/kalendarz\/wp-content\/uploads\/2026\/04\/658128916_1389063743247137_2703095894718993622_n-212x300.jpg\" alt=\"\" width=\"212\" height=\"300\" srcset=\"https:\/\/goslupski.pl\/kalendarz\/wp-content\/uploads\/2026\/04\/658128916_1389063743247137_2703095894718993622_n-200x283.jpg 200w, https:\/\/goslupski.pl\/kalendarz\/wp-content\/uploads\/2026\/04\/658128916_1389063743247137_2703095894718993622_n-212x300.jpg 212w, https:\/\/goslupski.pl\/kalendarz\/wp-content\/uploads\/2026\/04\/658128916_1389063743247137_2703095894718993622_n-400x566.jpg 400w, https:\/\/goslupski.pl\/kalendarz\/wp-content\/uploads\/2026\/04\/658128916_1389063743247137_2703095894718993622_n-600x849.jpg 600w, https:\/\/goslupski.pl\/kalendarz\/wp-content\/uploads\/2026\/04\/658128916_1389063743247137_2703095894718993622_n-724x1024.jpg 724w, https:\/\/goslupski.pl\/kalendarz\/wp-content\/uploads\/2026\/04\/658128916_1389063743247137_2703095894718993622_n-768x1086.jpg 768w, https:\/\/goslupski.pl\/kalendarz\/wp-content\/uploads\/2026\/04\/658128916_1389063743247137_2703095894718993622_n-800x1131.jpg 800w, https:\/\/goslupski.pl\/kalendarz\/wp-content\/uploads\/2026\/04\/658128916_1389063743247137_2703095894718993622_n-1086x1536.jpg 1086w, https:\/\/goslupski.pl\/kalendarz\/wp-content\/uploads\/2026\/04\/658128916_1389063743247137_2703095894718993622_n-1200x1697.jpg 1200w, https:\/\/goslupski.pl\/kalendarz\/wp-content\/uploads\/2026\/04\/658128916_1389063743247137_2703095894718993622_n.jpg 1448w\" sizes=\"(max-width: 212px) 100vw, 212px\" \/><\/div>\n<div dir=\"auto\"><img decoding=\"async\" class=\"aligncenter size-medium wp-image-1109\" src=\"https:\/\/goslupski.pl\/kalendarz\/wp-content\/uploads\/2026\/04\/651023768_1378670324286479_124026715283326296_n-300x132.jpg\" alt=\"\" width=\"300\" height=\"132\" srcset=\"https:\/\/goslupski.pl\/kalendarz\/wp-content\/uploads\/2026\/04\/651023768_1378670324286479_124026715283326296_n-200x88.jpg 200w, https:\/\/goslupski.pl\/kalendarz\/wp-content\/uploads\/2026\/04\/651023768_1378670324286479_124026715283326296_n-300x132.jpg 300w, https:\/\/goslupski.pl\/kalendarz\/wp-content\/uploads\/2026\/04\/651023768_1378670324286479_124026715283326296_n-400x176.jpg 400w, https:\/\/goslupski.pl\/kalendarz\/wp-content\/uploads\/2026\/04\/651023768_1378670324286479_124026715283326296_n-600x263.jpg 600w, https:\/\/goslupski.pl\/kalendarz\/wp-content\/uploads\/2026\/04\/651023768_1378670324286479_124026715283326296_n-768x337.jpg 768w, https:\/\/goslupski.pl\/kalendarz\/wp-content\/uploads\/2026\/04\/651023768_1378670324286479_124026715283326296_n-800x351.jpg 800w, https:\/\/goslupski.pl\/kalendarz\/wp-content\/uploads\/2026\/04\/651023768_1378670324286479_124026715283326296_n-1024x449.jpg 1024w, https:\/\/goslupski.pl\/kalendarz\/wp-content\/uploads\/2026\/04\/651023768_1378670324286479_124026715283326296_n-1200x527.jpg 1200w, https:\/\/goslupski.pl\/kalendarz\/wp-content\/uploads\/2026\/04\/651023768_1378670324286479_124026715283326296_n-1536x674.jpg 1536w\" sizes=\"(max-width: 300px) 100vw, 300px\" \/><\/div>\n","protected":false},"author":10,"featured_media":1110,"menu_order":0,"comment_status":"open","ping_status":"closed","template":"","meta":[],"tags":[],"event_type":[8],"event_type_2":[],"class_list":["post-1108","ajde_events","type-ajde_events","status-publish","has-post-thumbnail","hentry","event_location-palac-w-damnicy","event_organizer-centrum-edukacji-i-kultury-w-damnicy","event_organizer-centrum-kultury-powiatu-slupskiego","event_type-muzyczne"],"_links":{"self":[{"href":"https:\/\/goslupski.pl\/kalendarz\/wp-json\/wp\/v2\/ajde_events\/1108","targetHints":{"allow":["GET"]}}],"collection":[{"href":"https:\/\/goslupski.pl\/kalendarz\/wp-json\/wp\/v2\/ajde_events"}],"about":[{"href":"https:\/\/goslupski.pl\/kalendarz\/wp-json\/wp\/v2\/types\/ajde_events"}],"author":[{"embeddable":true,"href":"https:\/\/goslupski.pl\/kalendarz\/wp-json\/wp\/v2\/users\/10"}],"replies":[{"embeddable":true,"href":"https:\/\/goslupski.pl\/kalendarz\/wp-json\/wp\/v2\/comments?post=1108"}],"wp:featuredmedia":[{"embeddable":true,"href":"https:\/\/goslupski.pl\/kalendarz\/wp-json\/wp\/v2\/media\/1110"}],"wp:attachment":[{"href":"https:\/\/goslupski.pl\/kalendarz\/wp-json\/wp\/v2\/media?parent=1108"}],"wp:term":[{"taxonomy":"post_tag","embeddable":true,"href":"https:\/\/goslupski.pl\/kalendarz\/wp-json\/wp\/v2\/tags?post=1108"},{"taxonomy":"event_type","embeddable":true,"href":"https:\/\/goslupski.pl\/kalendarz\/wp-json\/wp\/v2\/event_type?post=1108"},{"taxonomy":"event_type_2","embeddable":true,"href":"https:\/\/goslupski.pl\/kalendarz\/wp-json\/wp\/v2\/event_type_2?post=1108"}],"curies":[{"name":"wp","href":"https:\/\/api.w.org\/{rel}","templated":true}]}}

<div class="xdj266r x14z9mp xat24cr x1lziwak x1vvkbs x126k92a">
<div dir="auto">Poezja, która porusza. Głos, którego nie da się zapomnieć.</div>
<div dir="auto">Przed nami wielkie muzyczne wydarzenie.</div>
</div>
<div class="x14z9mp xat24cr x1lziwak x1vvkbs xtlvy1s x126k92a">
<div dir="auto">Podczas gali <span class="html-span xdj266r x14z9mp xat24cr x1lziwak xexx8yu xyri2b x18d9i69 x1c1uobl x1hl2dhg x16tdsg8 x1vvkbs"><a class="x1i10hfl xjbqb8w x1ejq31n x18oe1m7 x1sy0etr xstzfhl x972fbf x10w94by x1qhh985 x14e42zd x9f619 x1ypdohk xt0psk2 x3ct3a4 xdj266r x14z9mp xat24cr x1lziwak xexx8yu xyri2b x18d9i69 x1c1uobl x16tdsg8 x1hl2dhg xggy1nq x1a2a7pz xkrqix3 x1sur9pj x1fey0fg x1s688f" tabindex="0" role="link" href="https://www.facebook.com/events/1863632054293413/?__cft__[0]=AZZr9AGPkRphbxBau2SLAbPlfjp6SSxPtVSaQz616xt9mHmhYQh1pWf-7KlGwR78CnS68OaIs-eFC2osQEKN0OOSvVVluF99RD1AV7qksqt9P4D4hINvhGADlpkR_1Cppf_MRlT4C77Y7yq98iIp3yJAzgZFSdSGwT1hlVk_Ll0K5e9imCDyvz2I_faTO_QtPuY&amp;__tn__=-UK-R"><span class="xt0psk2"><span class="xjp7ctv">15. FESTIWAL POEZJI ŚPIEWANEJ</span></span></a></span> na naszej scenie <strong>w Sali Lustrzanej Pałacu w Damnicy</strong> wystąpi niezwykła 𝗡𝗔𝗧𝗔𝗟𝗜𝗔 𝗦𝗜𝗞𝗢𝗥𝗔.</div>
</div>
<div class="x14z9mp xat24cr x1lziwak x1vvkbs xtlvy1s x126k92a">
<div dir="auto">Zapraszamy na wyjątkowy koncert „C.K. NORWID”, w którym usłyszymy poruszające interpretacje poezji Cypriana Kamila Norwida w unikalnym, pełnym emocji stylu łączącym blues, rock i poezję śpiewaną.</div>
</div>
<div class="x14z9mp xat24cr x1lziwak x1vvkbs xtlvy1s x126k92a">
<div dir="auto"><span class="html-span xdj266r x14z9mp xat24cr x1lziwak xexx8yu xyri2b x18d9i69 x1c1uobl x1hl2dhg x16tdsg8 x1vvkbs"><a class="x1i10hfl xjbqb8w x1ejq31n x18oe1m7 x1sy0etr xstzfhl x972fbf x10w94by x1qhh985 x14e42zd x9f619 x1ypdohk xt0psk2 x3ct3a4 xdj266r x14z9mp xat24cr x1lziwak xexx8yu xyri2b x18d9i69 x1c1uobl x16tdsg8 x1hl2dhg xggy1nq x1a2a7pz xkrqix3 x1sur9pj x1fey0fg x1s688f" tabindex="0" role="link" href="https://www.facebook.com/NataliaSikoraArtist?__cft__[0]=AZZr9AGPkRphbxBau2SLAbPlfjp6SSxPtVSaQz616xt9mHmhYQh1pWf-7KlGwR78CnS68OaIs-eFC2osQEKN0OOSvVVluF99RD1AV7qksqt9P4D4hINvhGADlpkR_1Cppf_MRlT4C77Y7yq98iIp3yJAzgZFSdSGwT1hlVk_Ll0K5e9imCDyvz2I_faTO_QtPuY&amp;__tn__=-]K-R"><span class="xt0psk2"><span class="xjp7ctv">Natalia Sikora Artist</span></span></a></span> to artystka totalna &#8211; laureatka wielu prestiżowych festiwali, zwyciężczyni <span class="html-span xdj266r x14z9mp xat24cr x1lziwak xexx8yu xyri2b x18d9i69 x1c1uobl x1hl2dhg x16tdsg8 x1vvkbs"><a class="x1i10hfl xjbqb8w x1ejq31n x18oe1m7 x1sy0etr xstzfhl x972fbf x10w94by x1qhh985 x14e42zd x9f619 x1ypdohk xt0psk2 x3ct3a4 xdj266r x14z9mp xat24cr x1lziwak xexx8yu xyri2b x18d9i69 x1c1uobl x16tdsg8 x1hl2dhg xggy1nq x1a2a7pz xkrqix3 x1sur9pj x1fey0fg x1s688f" tabindex="0" role="link" href="https://www.facebook.com/voiceofpoland?__cft__[0]=AZZr9AGPkRphbxBau2SLAbPlfjp6SSxPtVSaQz616xt9mHmhYQh1pWf-7KlGwR78CnS68OaIs-eFC2osQEKN0OOSvVVluF99RD1AV7qksqt9P4D4hINvhGADlpkR_1Cppf_MRlT4C77Y7yq98iIp3yJAzgZFSdSGwT1hlVk_Ll0K5e9imCDyvz2I_faTO_QtPuY&amp;__tn__=-]K-R"><span class="xt0psk2"><span class="xjp7ctv">The Voice of Poland TVP</span></span></a></span>, uwielbiana za autentyczność, pasję i niezwykłą charyzmę sceniczną. Jej koncerty to prawdziwe muzyczne przeżycie, które na długo zostaje w pamięci.</div>
</div>
<div class="x14z9mp xat24cr x1lziwak x1vvkbs xtlvy1s x126k92a">
<div dir="auto"> Wstęp wolny! Wejściówki dostępne w siedzibie naszego Centrum Kultury (po wcześniejszej rezerwacji telefonicznej<span class="html-span xexx8yu xyri2b x18d9i69 x1c1uobl x1hl2dhg x16tdsg8 x1vvkbs x3nfvp2 x1j61x8r x1fcty0u xdj266r xat24cr xm2jcoa x1mpyi22 xxymvpz xlup9mm x1kky2od"><img decoding="async" class="xz74otr x15mokao x1ga7v0g x16uus16 xbiv7yw" src="https://static.xx.fbcdn.net/images/emoji.php/v9/t4d/1/16/1f4de.png" alt="📞" width="16" height="16" /></span>59 844 57 58)</div>
</div>
<div class="x14z9mp xat24cr x1lziwak x1vvkbs xtlvy1s x126k92a">
<div dir="auto">Liczba miejsc ograniczona!</div>
<div dir="auto">
<div dir="auto">Harmonogram wydarzenia 25.04.2026</div>
<div dir="auto">17:00-18:00 występy laureatów <a class="x1i10hfl xjbqb8w x1ejq31n x18oe1m7 x1sy0etr xstzfhl x972fbf x10w94by x1qhh985 x14e42zd x9f619 x1ypdohk xt0psk2 x3ct3a4 xdj266r x14z9mp xat24cr x1lziwak xexx8yu xyri2b x18d9i69 x1c1uobl x16tdsg8 x1hl2dhg xggy1nq x1a2a7pz xkrqix3 x1sur9pj xzsf02u x1s688f" tabindex="0" role="link" href="https://www.facebook.com/events/1863632054293413/?__cft__[0]=AZapN_x9_yNm5AEJ-zWel0OHGlwLM2iBSY7ja2uOEigy1RdH9f1JuNfc6jSkDRX_BcRVh3Z1twmSKLyWjsN6zAmBRTnFowL-6oEXCB2NVR_oubbJWBUBgvJYxTwqHfY3wcAja2T3kVkYu9IRI6DJMYSd&amp;__tn__=R-R"><span class="xt0psk2"><span class="xjp7ctv">15. FESTIWAL POEZJI ŚPIEWANEJ</span></span></a></div>
<div dir="auto">18:00-19:00 Koncert Natalii Sikory</div>
</div>
</div>
<div dir="auto"></div>
<div dir="auto"><img decoding="async" class="aligncenter size-medium wp-image-1110" src="https://goslupski.pl/kalendarz/wp-content/uploads/2026/04/658128916_1389063743247137_2703095894718993622_n-212x300.jpg" alt="" width="212" height="300" srcset="https://goslupski.pl/kalendarz/wp-content/uploads/2026/04/658128916_1389063743247137_2703095894718993622_n-200x283.jpg 200w, https://goslupski.pl/kalendarz/wp-content/uploads/2026/04/658128916_1389063743247137_2703095894718993622_n-212x300.jpg 212w, https://goslupski.pl/kalendarz/wp-content/uploads/2026/04/658128916_1389063743247137_2703095894718993622_n-400x566.jpg 400w, https://goslupski.pl/kalendarz/wp-content/uploads/2026/04/658128916_1389063743247137_2703095894718993622_n-600x849.jpg 600w, https://goslupski.pl/kalendarz/wp-content/uploads/2026/04/658128916_1389063743247137_2703095894718993622_n-724x1024.jpg 724w, https://goslupski.pl/kalendarz/wp-content/uploads/2026/04/658128916_1389063743247137_2703095894718993622_n-768x1086.jpg 768w, https://goslupski.pl/kalendarz/wp-content/uploads/2026/04/658128916_1389063743247137_2703095894718993622_n-800x1131.jpg 800w, https://goslupski.pl/kalendarz/wp-content/uploads/2026/04/658128916_1389063743247137_2703095894718993622_n-1086x1536.jpg 1086w, https://goslupski.pl/kalendarz/wp-content/uploads/2026/04/658128916_1389063743247137_2703095894718993622_n-1200x1697.jpg 1200w, https://goslupski.pl/kalendarz/wp-content/uploads/2026/04/658128916_1389063743247137_2703095894718993622_n.jpg 1448w" sizes="(max-width: 212px) 100vw, 212px" /></div>
<div dir="auto"><img decoding="async" class="aligncenter size-medium wp-image-1109" src="https://goslupski.pl/kalendarz/wp-content/uploads/2026/04/651023768_1378670324286479_124026715283326296_n-300x132.jpg" alt="" width="300" height="132" srcset="https://goslupski.pl/kalendarz/wp-content/uploads/2026/04/651023768_1378670324286479_124026715283326296_n-200x88.jpg 200w, https://goslupski.pl/kalendarz/wp-content/uploads/2026/04/651023768_1378670324286479_124026715283326296_n-300x132.jpg 300w, https://goslupski.pl/kalendarz/wp-content/uploads/2026/04/651023768_1378670324286479_124026715283326296_n-400x176.jpg 400w, https://goslupski.pl/kalendarz/wp-content/uploads/2026/04/651023768_1378670324286479_124026715283326296_n-600x263.jpg 600w, https://goslupski.pl/kalendarz/wp-content/uploads/2026/04/651023768_1378670324286479_124026715283326296_n-768x337.jpg 768w, https://goslupski.pl/kalendarz/wp-content/uploads/2026/04/651023768_1378670324286479_124026715283326296_n-800x351.jpg 800w, https://goslupski.pl/kalendarz/wp-content/uploads/2026/04/651023768_1378670324286479_124026715283326296_n-1024x449.jpg 1024w, https://goslupski.pl/kalendarz/wp-content/uploads/2026/04/651023768_1378670324286479_124026715283326296_n-1200x527.jpg 1200w, https://goslupski.pl/kalendarz/wp-content/uploads/2026/04/651023768_1378670324286479_124026715283326296_n-1536x674.jpg 1536w" sizes="(max-width: 300px) 100vw, 300px" /></div>
