{"id":1111,"date":"2026-04-02T11:30:20","date_gmt":"2026-04-02T09:30:20","guid":{"rendered":"https:\/\/goslupski.pl\/kalendarz\/?post_type=ajde_events&#038;p=1111"},"modified":"2026-04-02T11:30:20","modified_gmt":"2026-04-02T09:30:20","slug":"15-festiwal-poezji-spiewanej","status":"publish","type":"ajde_events","link":"https:\/\/goslupski.pl\/kalendarz\/events\/15-festiwal-poezji-spiewanej\/","title":{"rendered":"15. festiwal poezji \u015bpiewanej"},"content":{"rendered":"<p>Razem z Centrum Edukacji i Kultury w Damnicy serdecznie zapraszamy <strong>solist\u00f3w od 15 roku \u017cycia\u00a0<\/strong>do udzia\u0142u w<strong> 15. FESTIWALU POEZJI \u015aPIEWANEJ. <\/strong>To znakomita okazja do konfrontacji dokona\u0144 tw\u00f3rczych przed innymi wokalistami i jury z\u0142o\u017conemu z autorytet\u00f3w w dziedzinie muzyki rozrywkowej. Uczestnicy mog\u0105 zaprezentowa\u0107: dowolny utw\u00f3r w j\u0119zyku polskim z g\u0142\u00f3wnego nurtu poezji \u015bpiewanej, utw\u00f3r z antologii poezji poet\u00f3w powiatu s\u0142upskiego\u00a0<em>\u201eSzepty w\u015br\u00f3d p\u00f3l\/S\u0142o\u0144ce z\u0142otem sypnie<\/em>\u00a0lub w\u0142asn\u0105 kompozycje z autorskim tekstem i muzyk\u0105.<\/p>\n<p>Nagrody przyznawane s\u0105 w dw\u00f3ch kategoriach wiekowych:<\/p>\n<p><strong>Kat. I \u2013 15-20 lat<\/strong><\/p>\n<p>&nbsp;<\/p>\n<p><strong>Kat. II \u2013 20 +<\/strong><\/p>\n<p>Tegoroczna edycja FP\u015a zosta\u0142a obj\u0119ta patronatem honorowym Ministra Kultury i Dziedzictwa Narodowego, Starosty S\u0142upskiego Paw\u0142a Lisowskiego oraz W\u00f3jta Gminy Damnica Paw\u0142a Oberta.<\/p>\n<p>Laureaci obu kategorii mog\u0105 liczy\u0107 na atrakcyjne nagrody:<\/p>\n<p>Grand Prix Ministra Kultury i Dziedzictwa Narodowego\u00a0\u2013 2000 z\u0142<\/p>\n<p>I miejsce \u2013 2 razy po 1500 z\u0142<br \/>\nII miejsce \u2013 2 razy po 1000 z\u0142<br \/>\nIII miejsce \u2013 2 razy po 500 z\u0142<br \/>\nwyr\u00f3\u017cnienia \u2013 2 razy po 300 z\u0142<\/p>\n<p><strong>ZG\u0141OSZENIE UDZIA\u0141U:<\/strong><\/p>\n<ul>\n<li>Do<strong> 19 kwietnia 2026 r. do 00:00 nale\u017cy przes\u0142a\u0107<\/strong>\u00a0wype\u0142niony formularz zg\u0142oszeniowy.<\/li>\n<li>Link do formularza zg\u0142oszeniowego: <a href=\"https:\/\/docs.google.com\/forms\/d\/1algvl3xEyuM4MVY15Jny84nhVXvVLKziQB7LBMw7V7E\/edit\">https:\/\/docs.google.com\/forms\/d\/1algvl3xEyuM4MVY15Jny84nhVXvVLKziQB7LBMw7V7E\/edit<\/a><\/li>\n<li>Do<strong> 22 kwietnia<\/strong> drog\u0105 mailow\u0105 zostan\u0105 przes\u0142ane wszystkie niezb\u0119dne informacje dotycz\u0105ce Festiwalu.<\/li>\n<li><strong>24 kwietnia 2026 roku od godziny 14:00<\/strong>\u00a0odb\u0119d\u0105 si\u0119 przes\u0142uchania w sali widowiskowej Centrum Edukacji i Kultury w Damnicy.<\/li>\n<li><strong>25 kwietnia 2026 o godz. 17:00 w Sali Lustrzanej Pa\u0142acu w Damnicy<\/strong>\u00a0zorganizowana zostanie\u00a0<strong>Gala Fina\u0142owa<\/strong>, na kt\u00f3rej wyst\u0105pi\u0105 zakwalifikowani przez jury finali\u015bci.<\/li>\n<\/ul>\n<p>Kontakt do koordynatora 15. FP\u015a: Klaudia Szepielewicz tel. +48 59 844 57 58<\/p>\n<p><strong>REGULAMIN I KLAUZULA INFORMACYJNA DO POBRANIA:\u00a0<\/strong><\/p>\n<p><a href=\"https:\/\/kultura.powiatslupsk.pl\/wp-content\/uploads\/2026\/03\/Regulamin-15.-PPPS.pdf\">Regulamin 15. PPP\u015a<\/a><\/p>\n<p>Je\u015bli osoby bior\u0105ce udzia\u0142 w <strong>Festiwalu Poezji \u015apiewanej<\/strong> chcia\u0142yby si\u0119gn\u0105\u0107 po teksty z antologii poezji i na ich podstawie stworzy\u0107 w\u0142asny utw\u00f3r muzyczny, poni\u017cej udost\u0119pniamy linki do publikacji:<br \/>\n<a href=\"https:\/\/kultura.powiatslupsk.pl\/wp-content\/uploads\/2026\/03\/CK-POWIATU-SLUPSKIEGO-publikacja-Antologia-cz1.pdf\">CK POWIATU SLUPSKIEGO publikacja Antologia \u2013 cz1<\/a><br \/>\n<a href=\"https:\/\/kultura.powiatslupsk.pl\/wp-content\/uploads\/2026\/03\/CK-POWIATU-SLUPSKIEGO-publikacja-Antologia-cz2.pdf\">CK POWIATU SLUPSKIEGO publikacja Antologia \u2013 cz2<\/a><\/p>\n","protected":false},"author":10,"featured_media":1109,"menu_order":0,"comment_status":"open","ping_status":"closed","template":"","meta":[],"tags":[],"event_type":[8],"event_type_2":[],"class_list":["post-1111","ajde_events","type-ajde_events","status-publish","has-post-thumbnail","hentry","event_location-palac-w-damnicy","event_organizer-centrum-edukacji-i-kultury-w-damnicy","event_organizer-centrum-kultury-powiatu-slupskiego","event_type-muzyczne"],"_links":{"self":[{"href":"https:\/\/goslupski.pl\/kalendarz\/wp-json\/wp\/v2\/ajde_events\/1111","targetHints":{"allow":["GET"]}}],"collection":[{"href":"https:\/\/goslupski.pl\/kalendarz\/wp-json\/wp\/v2\/ajde_events"}],"about":[{"href":"https:\/\/goslupski.pl\/kalendarz\/wp-json\/wp\/v2\/types\/ajde_events"}],"author":[{"embeddable":true,"href":"https:\/\/goslupski.pl\/kalendarz\/wp-json\/wp\/v2\/users\/10"}],"replies":[{"embeddable":true,"href":"https:\/\/goslupski.pl\/kalendarz\/wp-json\/wp\/v2\/comments?post=1111"}],"wp:featuredmedia":[{"embeddable":true,"href":"https:\/\/goslupski.pl\/kalendarz\/wp-json\/wp\/v2\/media\/1109"}],"wp:attachment":[{"href":"https:\/\/goslupski.pl\/kalendarz\/wp-json\/wp\/v2\/media?parent=1111"}],"wp:term":[{"taxonomy":"post_tag","embeddable":true,"href":"https:\/\/goslupski.pl\/kalendarz\/wp-json\/wp\/v2\/tags?post=1111"},{"taxonomy":"event_type","embeddable":true,"href":"https:\/\/goslupski.pl\/kalendarz\/wp-json\/wp\/v2\/event_type?post=1111"},{"taxonomy":"event_type_2","embeddable":true,"href":"https:\/\/goslupski.pl\/kalendarz\/wp-json\/wp\/v2\/event_type_2?post=1111"}],"curies":[{"name":"wp","href":"https:\/\/api.w.org\/{rel}","templated":true}]}}

15. festiwal poezji śpiewanej

<p>Razem z Centrum Edukacji i Kultury w Damnicy serdecznie zapraszamy <strong>solistów od 15 roku życia </strong>do udziału w<strong> 15. FESTIWALU POEZJI ŚPIEWANEJ. </strong>To znakomita okazja do konfrontacji dokonań twórczych przed innymi wokalistami i jury złożonemu z autorytetów w dziedzinie muzyki rozrywkowej. Uczestnicy mogą zaprezentować: dowolny utwór w języku polskim z głównego nurtu poezji śpiewanej, utwór z antologii poezji poetów powiatu słupskiego <em>„Szepty wśród pól/Słońce złotem sypnie</em> lub własną kompozycje z autorskim tekstem i muzyką.</p>
<p>Nagrody przyznawane są w dwóch kategoriach wiekowych:</p>
<p><strong>Kat. I – 15-20 lat</strong></p>
<p>&nbsp;</p>
<p><strong>Kat. II – 20 +</strong></p>
<p>Tegoroczna edycja FPŚ została objęta patronatem honorowym Ministra Kultury i Dziedzictwa Narodowego, Starosty Słupskiego Pawła Lisowskiego oraz Wójta Gminy Damnica Pawła Oberta.</p>
<p>Laureaci obu kategorii mogą liczyć na atrakcyjne nagrody:</p>
<p>Grand Prix Ministra Kultury i Dziedzictwa Narodowego – 2000 zł</p>
<p>I miejsce – 2 razy po 1500 zł<br />
II miejsce – 2 razy po 1000 zł<br />
III miejsce – 2 razy po 500 zł<br />
wyróżnienia – 2 razy po 300 zł</p>
<p><strong>ZGŁOSZENIE UDZIAŁU:</strong></p>
<ul>
<li>Do<strong> 19 kwietnia 2026 r. do 00:00 należy przesłać</strong> wypełniony formularz zgłoszeniowy.</li>
<li>Link do formularza zgłoszeniowego: <a href="https://docs.google.com/forms/d/1algvl3xEyuM4MVY15Jny84nhVXvVLKziQB7LBMw7V7E/edit">https://docs.google.com/forms/d/1algvl3xEyuM4MVY15Jny84nhVXvVLKziQB7LBMw7V7E/edit</a></li>
<li>Do<strong> 22 kwietnia</strong> drogą mailową zostaną przesłane wszystkie niezbędne informacje dotyczące Festiwalu.</li>
<li><strong>24 kwietnia 2026 roku od godziny 14:00</strong> odbędą się przesłuchania w sali widowiskowej Centrum Edukacji i Kultury w Damnicy.</li>
<li><strong>25 kwietnia 2026 o godz. 17:00 w Sali Lustrzanej Pałacu w Damnicy</strong> zorganizowana zostanie <strong>Gala Finałowa</strong>, na której wystąpią zakwalifikowani przez jury finaliści.</li>
</ul>
<p>Kontakt do koordynatora 15. FPŚ: Klaudia Szepielewicz tel. +48 59 844 57 58</p>
<p><strong>REGULAMIN I KLAUZULA INFORMACYJNA DO POBRANIA: </strong></p>
<p><a href="https://kultura.powiatslupsk.pl/wp-content/uploads/2026/03/Regulamin-15.-PPPS.pdf">Regulamin 15. PPPŚ</a></p>
<p>Jeśli osoby biorące udział w <strong>Festiwalu Poezji Śpiewanej</strong> chciałyby sięgnąć po teksty z antologii poezji i na ich podstawie stworzyć własny utwór muzyczny, poniżej udostępniamy linki do publikacji:<br />
<a href="https://kultura.powiatslupsk.pl/wp-content/uploads/2026/03/CK-POWIATU-SLUPSKIEGO-publikacja-Antologia-cz1.pdf">CK POWIATU SLUPSKIEGO publikacja Antologia – cz1</a><br />
<a href="https://kultura.powiatslupsk.pl/wp-content/uploads/2026/03/CK-POWIATU-SLUPSKIEGO-publikacja-Antologia-cz2.pdf">CK POWIATU SLUPSKIEGO publikacja Antologia – cz2</a></p>
